Let b(y) = y + 24. Let z be b(-19). Is u(z) composite?
False
Let s = -95 + 106. Suppose -s*p + 14066 = 2*p. Is p prime?
False
Let o(q) = 46*q - 10 - 7*q + 2*q**2 - 23*q. Is o(6) a composite number?
True
Let t(x) = -165*x + 32. Let c be t(-5). Suppose -5*g + 102 = -4*g. Let k = c + g. Is k a composite number?
True
Let u = -84 + 70. Let k(v) = -52*v - 31. Is k(u) a composite number?
True
Suppose 8*l - 10*l - 21184 = -2*y, -2*y + 4*l = -21190. Is y composite?
False
Let p = -46 - -53. Is 0 - (-9)/3 - (-3626)/p a composite number?
False
Let q = -11 + 10. Let y be q/3 + (-5350)/(-30). Suppose -221 - y = -3*z. Is z a composite number?
True
Suppose -52659 - 30803 = -58*s. Is s a prime number?
True
Suppose -7 = -5*d - z, -3*d - 2*d + z + 13 = 0. Suppose d*j - 230 = 1748. Is j a composite number?
True
Let n(p) = 3*p + 69. Let y be n(-22). Suppose 4940 = 5*q + r - 4*r, -3*q = y*r - 2988. Is q prime?
True
Suppose -4*s = -5*s - 359. Let i = -153 + -15. Let q = i - s. Is q prime?
True
Is (-1035483)/(-21) - ((-10)/7)/5 prime?
False
Let m(d) = d**3 - 5*d**2 + 7*d - 5. Let h be m(4). Let x = -7 + h. Suppose 148 = 4*b - x*b. Is b a composite number?
False
Let t(w) = 654*w**2 - 13*w + 2. Is t(3) a composite number?
False
Let x = -15 + 12. Let p(w) = -22*w + 9. Let h(l) = 23*l - 8. Let z(q) = x*p(q) - 2*h(q). Is z(8) a composite number?
False
Let h = 192 - 181. Suppose 0 = -3*j - 3*d + 122 + 193, j - 3*d = 117. Suppose i - 24 = 5*b + h, 4*b + j = 4*i. Is i composite?
True
Suppose r + 0*j - 2*j = 2884, 0 = 2*r - 5*j - 5763. Is r prime?
False
Suppose 3 = -b + 2*b. Suppose b*c - 36450 = -2*c. Is c/198 - 2/(-11) prime?
True
Suppose -21*z = -24*z + 21117. Is z a prime number?
True
Let z be (-1)/((-141)/(-69) + -2). Let u be z*(-3)/(-6)*-12. Suppose 7*f - 5*f - u = 0. Is f a prime number?
False
Suppose 5*w + 2*c = 534, -w - 552 = -6*w + 4*c. Let d = -46 + w. Let t = d - 25. Is t composite?
False
Suppose 3*s = -3*a + 544 + 458, 5*a - 1694 = 3*s. Let f = 3508 + a. Is f prime?
False
Is (-10)/12 - (1005691/6)/(-29) a prime number?
True
Let y = -128 - -441. Let u = 708 - y. Is u prime?
False
Let p(j) = -5*j**2 + 4*j**2 - 2*j**2 + j - 3*j - 5 - 17*j**3. Is p(-4) composite?
True
Is -1 + 1 + 1363 + -2 prime?
True
Suppose 2*d - 3*d - 15 = -3*h, 5*d + 4*h - 1 = 0. Let s = d + -5. Is (-2099)/(-9) + s/36 prime?
True
Let y(g) = -2*g**3 - 17*g**2 - 51*g - 13. Is y(-15) a prime number?
True
Suppose -2*c - j + 163224 = 0, 4*c - 3*j - 259780 = 66658. Is c composite?
False
Let n = -47 + 51. Suppose 4*f + n*z - 784 = 0, 0 = -5*f - 3*z - 545 + 1515. Is f a composite number?
False
Suppose 5*r - 8 = 12. Suppose 2*y - 4*z + 2402 = r*y, 2*z = -4*y + 4816. Is y a composite number?
True
Let l(y) be the first derivative of -36*y**2 - y + 7. Is l(-2) prime?
False
Suppose 6*l - 43551 = 3*l. Suppose 5*t - l = 3*f, -5*t + 16715 = -5*f + 2190. Suppose 0 = a + 2*a - t. Is a prime?
True
Suppose 39460 = 14*h - 9358. Is h composite?
True
Let y = 737 + -414. Is y a composite number?
True
Let l be 0 + 26/(-8) - (-3)/12. Is (3 + l)/1 - -1067 a prime number?
False
Suppose -13*z = -3*z. Suppose -3*v + 4*c + 5081 = z, -3148 - 3612 = -4*v - 2*c. Is v a composite number?
True
Suppose 1132 = 2*b - 0*b. Let f = 60 - -63. Let a = b - f. Is a a prime number?
True
Suppose -o = -0 - 0. Is -2 + (o - -3) + 414 a composite number?
True
Suppose -62530 = -8*p + 76694. Is p prime?
False
Suppose 0 = -3*d + 15, 38*d - 33*d = -n + 30452. Is n a composite number?
False
Suppose 7*y = 65721 - 18758. Is y prime?
True
Let x = -2598 + 5569. Is x composite?
False
Let i = 799 + -2118. Let c = 2406 + i. Is c a prime number?
True
Suppose 7*v - 183 = 321. Is 6810/8 - 18/v a prime number?
False
Is 25658/((-1 - (-30)/24)*8) prime?
True
Suppose 0 = 3*k - 5*k + 6. Suppose 4 = k*t - 2*t. Suppose -t*r + 107 = -97. Is r prime?
False
Let d(p) = p**3 + 7*p**2 + 5*p - 3. Let r be d(-6). Suppose -5*q + r*q = -10, m - 1394 = q. Is m prime?
True
Let b be (-26)/(-10) - (-2)/5. Let a = b - 22. Is 3/(12/(-4))*a composite?
False
Suppose 2*j = t + 22, -4*j + 16 = t - 22. Suppose a = l - 12, 3*l - j - 1 = -2*a. Suppose -1561 = -l*m - 0*m. Is m prime?
True
Suppose -5*c - 3*b = -c - 4, -2*b = -3*c + 20. Let h(k) = -k + 8*k**2 - 23 + 0*k + 8*k + 16. Is h(c) a composite number?
False
Suppose -r + 28 = 3*r. Suppose 5*n = 2*l - 19, 2*l - 2*n + n - r = 0. Suppose 0 = 3*y - l*y - 329. Is y composite?
True
Let x(y) = -23*y + 13. Let o be x(7). Let a = o - -225. Is a composite?
True
Is (-4)/(32/(-1644))*696/36 prime?
False
Is 12712 - (96/176 + 120/22) a prime number?
False
Suppose 0 = -b - 51 - 21. Let c be 2 - (4 + -3 + b). Let q = c + -14. Is q composite?
False
Let y(j) = -j**3 - 9*j**2 - 8*j + 1. Let l be y(-8). Let k be 187*(l + -1 + 2). Let p = -261 + k. Is p composite?
False
Let j be (11 - -5019)*(-1)/(-2). Suppose 5*b + 645 = j. Let d = b + -225. Is d prime?
True
Suppose -18*u + 573940 = -300734. Is u a composite number?
False
Let s(g) = -g**2 + 6*g + 4. Let p be s(7). Let v be (-3)/(-3 - p - 1). Suppose -3*w = v*r - 786, -27 = -5*r - 12. Is w composite?
True
Let d = -5613 + 14054. Is d composite?
True
Suppose -4*h - 91 = -0*h + 3*k, 2*k = 2*h + 42. Is h/(-3) - (-6)/(-18) a prime number?
True
Suppose 7*b - 3*b + 5*s = 3888, 0 = -b - s + 971. Is b a composite number?
False
Let y be ((-16)/(-6))/(4/60*5). Let j(u) = 4*u**2 - 5*u - 5. Is j(y) composite?
False
Let m(y) = -32*y - 3. Let t be m(-3). Let l = t - 28. Is l a prime number?
False
Let z(u) = 16*u**2 - 11*u - 21. Let t be z(14). Let q = 4582 - t. Is q composite?
False
Suppose 0 = -2*m - 2*m + 3584. Suppose -3*j + 28 + m = 0. Suppose -j = -0*s - 4*s. Is s a prime number?
False
Is (50 - 51)/(((-1)/(-1))/(-9587)) a composite number?
False
Let p = 4 - 7. Let t(x) = x**2 - 2*x + 3. Let d be t(p). Is (-1)/3 + 5172/d a prime number?
False
Let s be -11 + 4/(-2) + 1. Let g be 8/s*(-477)/6. Let h = 106 - g. Is h prime?
True
Let n(c) = -c**3 + 18*c**2 + 9*c - 25. Let i be 68/36*3*3. Is n(i) a composite number?
True
Let u(m) = 2*m**2 + 8*m - 25. Is u(-18) a prime number?
True
Let c(i) = 31*i**2 + 2*i - 16. Let x be c(14). Suppose -5*b + x + 1782 = 0. Suppose -p + b = p. Is p a prime number?
True
Suppose -2*k = q - 22285 + 2117, 5*q - 10 = 0. Suppose 2*b = -4*u + 13430, 5*u - k = 2*u + 2*b. Is u composite?
False
Let y(r) = -r**3 - 2*r**3 - r**3 - r**3. Let m be y(-1). Suppose -4*u = -9*u - 5, -m*u - 121 = -2*q. Is q a composite number?
True
Let f(x) = 11*x**2 - 32*x - 22. Let a(i) = 21*i**2 - 63*i - 45. Let n(d) = -2*a(d) + 5*f(d). Is n(15) a composite number?
True
Suppose -1 = b, 3*o - b - 484 = -0*o. Is o a prime number?
False
Let i be (-4260)/(-8) - 3/6. Let f = 529 + i. Is f a composite number?
False
Let h(t) = 775*t - 469. Is h(50) a prime number?
True
Let z be (-24)/(((-6)/(-36))/((-2)/9)). Suppose -36*g + 580 = -z*g. Is g prime?
False
Suppose 327*g = 334*g - 190561. Is g composite?
True
Let b = -10008 + 14221. Is b composite?
True
Suppose 0 = -5*i - 2*i + 178213. Is i a composite number?
True
Let u be 339/6*16/4. Let y = 126 - u. Let i = y + 227. Is i prime?
True
Suppose 6*n - 11*n = -10. Suppose -20 = 6*z - n*z. Is 149/(z/20*-4) a composite number?
False
Let o(v) be the third derivative of v**4/4 - 31*v**3/6 + 13*v**2. Is o(18) prime?
False
Let a(c) = -517*c**2 - c + 1. Let q be a(1). Let o = q + 1006. Is o prime?
False
Let c be (-3 - (0 + -3))/(-2). Suppose 8*u - 6*u - 86 = c. Is u a prime number?
True
Is (61070/20)/(3/(-6) + 1) prime?
False
Let w = -6 + 8. Suppose -2*m = w*m + 3*q - 49, 0 = 2*m + q - 23. Is (m/15)/((-4)/(-4074)) composite?
True
Let l = -19084 - -31317. Is l a prime number?
False
Let m(o) = -o**3 + 8*o**2 + 7*o - 5. Suppose -5*f + 3*v + 2 = 55, 0 = -2*f - 2*v - 34. Is m(f) a prime number?
False
Let c = 21 + -21. Let u(n) = -n**3 + n + 2611. Is u(c) composite?
True
Is ((-14)/(-21))/(1*(-2)/(-2697)) prime?
False
Let c be 27/12 + 3/(-12). Suppose -u + 15 = c*u. Let t = u - -41. Is t prime?
False
Let a = 16 - 12. Suppose 5255 = 5*v - 2*i, 1069 = -0*v + v - a*i. Is v a prime number?
True
Suppose -2*t = 3*j - 75, -5*j + 6 + 49 = t. Let b be 15132/t + (-9)/(-15). Let k = -294 + b. Is k a prime number?
True
Suppose -q = 5*z - 7 - 5, -q + 4 = z. Suppose -q*v + 492 + 152 = 0. Suppose -2*l = -0*l -